Suppose -5*f - 3*a = -169, 0 = a - 3 - x. List the prime factors of f.
2
Let g(j) = 4*j + 13. Let m be g(-3). Let z be m*(-8)/(-1 - 3). Suppose z*v = -3*b + 145, 4*b = v - 5*v + 192. What are the prime factors of b?
7
Let f = 179 + -167. What are the prime factors of (36/f)/((-3)/5) + 188?
3, 61
Suppose 7*n + 2*h - 6 = 3*n, -4*n + 3 = 3*h. Let f be (9/(-2) + n)*16/12. List the prime factors of 175/(-100)*(-1)/(f/(-104)).
7, 13
Let i(z) = -585*z + 13. Let c be i(-4). Suppose 0 = 2*g - 3*p - c, -2*g + 2*p + 0*p + 2350 = 0. List the prime factors of g.
2, 293
Let q = 23021 - 19465. List the prime factors of q.
2, 7, 127
Suppose 3*d = 717 + 1488. Let u be (-2)/(d/(-741) + 1). Let x = -127 - u. What are the prime factors of x?
2, 3, 5
Let w = -9543 + 15841. Let n = w + -2133. What are the prime factors of (-4)/(-6) - (7 - n/21)?
2, 3
Let b = -482 - -1142. Suppose -24*w = -28*w + b. Suppose 3*d - w = -0*d. List the prime factors of d.
5, 11
List the prime factors of 78780/10 + 10/2 - 1 - 6.
2, 11, 179
Suppose -3*z = -p - 452, p - 5*z + 430 + 28 = 0. Let n = p + 671. What are the prime factors of n?
2, 3, 19
Suppose 5*b = 15, 0 = k + 3*b + b - 81. Let g be (-8)/48 - 151/(-6). Suppose -k - g = -z. What are the prime factors of z?
2, 47
Let l be (5630/6)/((-17)/102). List the prime factors of (-24)/144 - l/12.
7, 67
Suppose x + 21 = -2*f - 4*x, 2*x + 3 = f. Let y be 3 - (f + 1)/2. Suppose -2*g + y*b = -b - 413, 4*b = 4*g - 856. What are the prime factors of g?
3, 73
What are the prime factors of 3/(45/(-2)) + (-8 - (-740254)/30)?
17, 1451
Let x(q) be the third derivative of q**4/12 + 71*q**3/2 - 34*q**2. List the prime factors of x(0).
3, 71
Suppose -7*i = -3*i - 2*k - 8, 5*i + 5*k - 10 = 0. Let c(t) = -2*t**2 + 2*t - 8*t**i + 5*t + 2*t - t**3 + 2. List the prime factors of c(-11).
2, 3
Suppose 0*k + 3*k - 9 = 0. Let d(n) = 157*n - 153*n - 9 + 0 - 1. What are the prime factors of d(k)?
2
Let t = -335 - -1730. What are the prime factors of t?
3, 5, 31
Let g be (63342/36)/(1/(-4)). List the prime factors of g/(-17)*(-2)/(-2 + 0).
2, 3, 23
Let y(j) = -j**3 - 5*j**2 + 5*j - 1. Let r(b) = -8*b - 31. Let o be r(-4). Let f be (2 - (-6 + o))/(-1). List the prime factors of y(f).
2, 31
Suppose l = -3*l - 3*l. Let n be l/((-5)/(-3 - 2)). Suppose -5*q + 235 - 25 = n. List the prime factors of q.
2, 3, 7
Let k(l) = l**2 - 18*l + 56. Let x be k(14). Let f(y) = -y**2 + 7*y - 2. Let t be f(6). Suppose x*c + 164 = t*c. List the prime factors of c.
41
Let d = -9460 + 29812. List the prime factors of d.
2, 3, 53
Let s(t) = t + 47. Let a be s(-11). Suppose -41*v + a*v = 0. Suppose -d + 5*g + 8 + 43 = v, 3*g + 238 = 4*d. List the prime factors of d.
61
List the prime factors of 2/(-30) + (-30680020)/(-1050).
61, 479
Let g(i) = -2*i**2 + 45*i - 52. Let y = 646 + -626. List the prime factors of g(y).
2, 3
Suppose -40*j + 34*j = 0. Suppose 0*u + 2*u - 1297 = i, 3*i - 9 = j. What are the prime factors of u?
2, 5, 13
Let s = -17378 - -25256. What are the prime factors of s?
2, 3, 13, 101
Suppose 5*t = -4*l + 23358, -21*l = -22*l - t + 5841. What are the prime factors of l?
3, 1949
Suppose 0 = 5*v + 4*x - 28677, 4*v + 3*x = 16752 + 6190. Suppose 19586 + v = 23*r. List the prime factors of r.
3, 367
Suppose -127 + 128 = -x. What are the prime factors of x*1224/32*-4?
3, 17
Suppose 3*p - 22 = -7. Let o be 944/(-472)*(1 - -3). What are the prime factors of (o/p)/(-6*(-7)/(-1155))?
2, 11
Let o(c) = c**3 - 4*c**2 - 6*c + 8. Let t be (-6)/(-21) - (-52)/14. Let u be o(t). Let q = u + 18. What are the prime factors of q?
2
Let f = 68922 + 2935. What are the prime factors of f?
181, 397
Let i be ((-630)/175)/(3/(-40)). Let k = i - -80. List the prime factors of k.
2
Let y = -67 + 72. Suppose -w + 4*q = -100, 0 = -y*w + 16*q - 20*q + 380. List the prime factors of w.
2, 5
Let q(n) = n**2 + 9*n - 33. Suppose 3 = -u, -101 = -3*b - 4*u - 26. What are the prime factors of q(b)?
1069
Suppose -28 = 23*y - 30*y. Suppose 718 = 3*g + y*f, -3*g + 215 = -2*f - 533. List the prime factors of g.
2, 3, 41
List the prime factors of ((-10)/12 + 1)/(98424287/(-1968486) - -50).
25237
Suppose -237*q - 540713 + 2777521 = -209*q. List the prime factors of q.
2, 59, 677
Let w = -9848 - -56885. What are the prime factors of w?
3, 15679
Let v(l) = l**3 + 8*l**2 + 4*l + 35. Let w be v(-8). Suppose n + 158 = 4*a, n = -4*a + w*n + 156. What are the prime factors of a?
2, 5
Suppose 0 = -43*m + 913718 - 7493. List the prime factors of m.
3, 5, 281
Let v(k) = 2*k**2 - 8*k + 10. Let n be v(2). Suppose 5*m + z = 1966, -n*m - 3*z + 184 + 592 = 0. List the prime factors of m.
2, 197
Suppose -15 + 41 = 2*x. Suppose 9*h = -x*h + 11946. What are the prime factors of h?
3, 181
Let a be (-210)/42 - (-5 - 2). Suppose -5*j = 3*f + a*f - 8865, -5*f + j + 8835 = 0. List the prime factors of f.
2, 13, 17
Suppose 0 = 7*w - 10*w + 84. Suppose 5*u - t = 2*u + w, -2*u + 20 = -t. Suppose -760 = -u*v - 0*v. List the prime factors of v.
5, 19
Suppose -3*u + 26211 = -3*w + 210387, 0 = -4*w - 11*u + 245523. List the prime factors of w.
3, 19, 359
Suppose 2*x + 6 + 0 = 0. Let w be x - ((2 - -1) + -3). What are the prime factors of 1548/(-30)*10/w?
2, 43
Suppose 0 = -38*x + 77547 + 2367. Suppose -10*n - x = -13*n. List the prime factors of n.
701
Let w(n) be the third derivative of -n**5/60 + 7*n**4/8 - 8*n**3/3 - 22*n**2. Let s be w(20). Suppose 0 = 10*y - s*y - 366. What are the prime factors of y?
61
Let j(u) = 7*u - 147. Let y be j(21). Suppose 8*h - 5110 - 1970 = y. What are the prime factors of h?
3, 5, 59
Suppose 19361 = 12*o - 33631. What are the prime factors of o?
2, 3, 23
Let n = -1080 - -1121. What are the prime factors of n?
41
Let o = 14134 - 7986. List the prime factors of o.
2, 29, 53
Let y = 421 + 10933. List the prime factors of y.
2, 7, 811
Let b(z) = 613*z**2 + 102*z - 627. List the prime factors of b(8).
79, 499
Let x(s) = -64*s**3 - 6*s**2 + 284*s + 2338. What are the prime factors of x(-8)?
2, 5, 11, 59
Let u(r) = 5*r + 175. Let s be u(-35). Suppose s = -15*a + 11332 + 2138. What are the prime factors of a?
2, 449
Let h(t) = t**3 + 7*t**2 - 20*t - 15. Let p be h(-9). Let o(j) = 11*j**3 - 2*j - 4. List the prime factors of o(p).
7, 41
Let n(y) = 15*y + 92. Let a be n(-6). Let x(h) = 495*h - 49. What are the prime factors of x(a)?
941
Let i = 17097 - -6856. List the prime factors of i.
17, 1409
Suppose -121*l + 122*l - 4 = 0. Suppose -4*t = -l*a + 7288, a - 1818 = -4*t + 3*t. What are the prime factors of a?
2, 5, 7, 13
Let s = -41 + 42. Suppose 2*i + s = 5*a - i, 5*i = -4*a + 23. List the prime factors of (a/6)/(-2*2/(-1932)).
7, 23
Let k(c) = 22*c - 11. Let y(x) = 23*x - 11. Let f(i) = -3*k(i) + 2*y(i). Let a be f(5). Let w = 160 + a. What are the prime factors of w?
71
Let b = 150 + -86. Let n = 241 - b. Suppose -8*y + n = -551. List the prime factors of y.
7, 13
Suppose -526*g + 230153 = -477*g. What are the prime factors of g?
7, 11, 61
Let l = -10626 + 41418. List the prime factors of l.
2, 3, 1283
Let z(k) be the second derivative of k**5/20 + 13*k**4/12 - 8*k**3/3 + 2*k**2 - 2*k + 8. List the prime factors of z(5).
2, 11, 17
Let p be 12/(-14)*(4 + (-135)/18). Suppose 2*h = 2*b + 290 + 796, 4*h = p*b + 2177. What are the prime factors of h?
2, 137
What are the prime factors of (-22)/(528/4716)*(-4 + (-592)/3)?
2, 131, 151
Suppose -5*a + 40*l = 45*l - 204340, 30 = -5*l. List the prime factors of a.
2, 107, 191
Let x(g) = g**3 + 5*g**2 + 2*g. Let f be x(-2). Suppose -5*w = 2*v - f - 2, w = -2*v + 2. Suppose 4*t - 716 = -v*t. List the prime factors of t.
179
Suppose 9531 = 5*i - 6529. List the prime factors of i.
2, 11, 73
Let s be 6/4 + 1/2. Let f(m) = -22*m - 283. Let u be f(-13). Suppose s*p - 49 = -3*a, 2*p + 4*a + u = 55. What are the prime factors of p?
2, 5
List the prime factors of 4/((-80)/(-51810))*(-1 + 3).
3, 11, 157
Suppose 12*x + 2*x = 40020 + 36252. List the prime factors of x.
2, 3, 227
Suppose 16*h - 30 = -734. Let l(b) = -22*b - 26. List the prime factors of l(h).
2, 3, 157
Suppose -30*b = 2647 - 429997. List the prime factors of b.
5, 7, 11, 37
Suppose 2*m + 0*m = 5*b - 2109, -m + 3*b = 1055. Let p = -626 - m. What are the prime factors of p?
2, 3, 71
Let x = 93 - 91. Suppose -3*s = x*w - 2*s,